e 10) to base 6
340230
13195b (base 12) to base 7
2445563
1011312012 (base 4) to base 15
59b76
What is 4066466 (base 10) in base 11?
2328218
62dac (base 16) to base 12
1763a4
What is -2461252 (base 10) in base 9?
-4561174
What is 12012011111 (base 3) in base 2?
11000111100100101
Convert 12222000 (base 7) to base 6.
35311023
244422 (base 5) to base 16
2492
Convert 13790830 (base 10) to base 15.
132628a
Convert 121342140 (base 5) to base 2.
10001100010011001110
What is -239caa (base 13) in base 15?
-11bdaa
Convert 44065446 (base 7) to base 12.
1324193
245318 (base 12) to base 6
20350032
What is 29661 (base 15) in base 10?
133066
Convert -ac0bc (base 15) to base 4.
-2011201233
What is 103203200213 (base 4) in base 9?
10572718
Convert 38a9c (base 13) to base 14.
2a418
-235405124 (base 6) to base 8
-21017654
Convert 1c4870 (base 13) to base 4.
2300310200
What is 3bdff5 (base 16) in base 12?
1392985
1551336 (base 9) to base 2
11010010000101010000
-756a23 (base 13) to base 5
-1201204012
What is 285104 (base 9) in base 7?
1324132
257e6 (base 16) to base 5
14403244
What is 83e630 (base 16) in base 9?
17234474
Convert 4336263 (base 7) to base 8.
2013765
What is -101363 (base 8) in base 7?
-166510
306335 (base 8) to base 6
2102205
Convert 9b7cd (base 14) to base 3.
201011210210
Convert -2286b (base 14) to base 16.
-1480f
Convert 801aa6 (base 12) to base 16.
1e6cde
Convert -2112210110111 (base 3) to base 11.
-845391
What is 112020130 (base 5) in base 4?
1322120222
-123330101 (base 4) to base 16
-1bf11
Convert -14b98 (base 16) to base 10.
-84888
Convert 205778 (base 9) to base 13.
4391c
Convert -ca452 (base 13) to base 10.
-365445
Convert 1434320 (base 9) to base 5.
200243442
-2210530 (base 7) to base 5
-32142304
Convert -732635 (base 8) to base 7.
-2031515
What is 1342406 (base 8) in base 12?
16299a
Convert -2102a06 (base 12) to base 14.
-b80bb0
11442202 (base 5) to base 3
12112120222
Convert 19c69c (base 13) to base 5.
131441344
What is -95dc0 (base 15) in base 10?
-475605
Convert -2625790 (base 10) to base 5.
-1133011130
Convert -422042 (base 6) to base 5.
-2043104
Convert -261658 (base 9) to base 15.
-32072
What is 5430a (base 11) in base 5?
10011102
-2321131100 (base 4) to base 7
-6312446
20010102012 (base 3) to base 6
2330135
What is -20432022 (base 5) in base 6?
-3355051
What is 55290 (base 10) in base 5?
3232130
What is 2215004 (base 6) in base 7?
642220
Convert -111102330 (base 4) to base 9.
-142580
What is 71140 (base 10) in base 13?
264c4
What is -207a1 (base 16) in base 7?
-1062554
311562 (base 8) to base 13
3801a
What is 1211510 (base 8) in base 10?
332616
Convert -6c2627 (base 14) to base 3.
-20221201002100
-1010232311 (base 4) to base 12
-116b05
What is -2d992 (base 14) in base 15?
-23d66
-b8ba (base 16) to base 4
-23202322
Convert 12201021002 (base 3) to base 16.
1b749
What is -101001110001010010110 (base 2) in base 11?
-855387
What is -398686 (base 10) in base 7?
-3250231
-254339 (base 11) to base 14
-a6216
-1101100000101001111111 (base 2) to base 9
-6587175
What is 4366550 (base 7) in base 8?
2032241
163786 (base 9) to base 8
305577
206226 (base 8) to base 5
4200013
-1130312132 (base 4) to base 6
-12052422
-20021031331 (base 4) to base 15
-2c2874
What is -122210020202022 (base 3) in base 5?
-4404442022
What is -23220200 (base 4) in base 5?
-3011043
Convert -10210121022 (base 3) to base 14.
-1d38a
Convert 33101121 (base 4) to base 3.
10011210210
1012101 (base 3) to base 9
1171
Convert -17c95 (base 16) to base 14.
-27713
What is 10101101010110100011 (base 2) in base 6?
23115135
-52964 (base 16) to base 10
-338276
What is -1320401 (base 6) in base 5?
-4311341
-20122100100 (base 3) to base 9
-218310
What is 6322072 (base 8) in base 5?
412233232
-110100100011101111010 (base 2) to base 5
-420102414
-113221322210 (base 4) to base 13
-1391639
-30906 (base 10) to base 15
-9256
What is 307865 (base 12) in base 3?
1102121021112
What is 1075865 (base 9) in base 11?
368067
Convert -6562123 (base 7) to base 14.
-16d583
c31a8c (base 14) to base 4
121010332030
113a78b (base 16) to base 7
306360326
-27564 (base 16) to base 5
-20123444
What is 31331020 (base 6) in base 7?
10524312
What is -1445201 (base 6) in base 13?
-2c380
Convert -112011021112 (base 3) to base 2.
-1000100000010011001
Convert 16669 (base 11) to base 5.
1222203
7a1c (base 16) to base 11
21539
-1001010120002 (base 3) to base 15
-ae0e8
-2369d6 (base 15) to base 2
-110011101010110101101
What is -139602 (base 10) in base 12?
-68956
What is -740d74 (base 15) in base 5?
-2403134114
1010101000101100001110 (base 2) to base 11
1634826
Convert -11564210 (base 7) to base 16.
-fe2d6
c2985 (base 14) to base 10
468361
Convert 325726 (base 8) to base 2.
11010101111010110
What is -980567 (base 10) in base 3?
-1211211002022
What is -d6e14 (base 15) in base 9?
-1247811
Convert -2325550 (base 6) to base 3.
-20010022210
2002120434 (base 5) to base 11
2252751
Convert -aa0359 (base 12) to base 5.
-1142234211
-7548996 (base 11) to base 3
-220222112001111
-4755256 (base 10) to base 5
-2204132011
-ab7a6 (base 15) to base 11
-342601
-a5a90 (base 13) to base 4
-1020312202
-13d687 (base 14) to base 4
-2220131313
Convert -520423 (base 7) to base 15.
-1b5ba
Convert 2022022121011 (base 3) to base 2.
100101011011101110110
-2e1779 (base 15) to base 5
-1032420224
e4eae (base 16) to base 13
26aa28
What is 11303023231 (base 4) in base 14?
2b80d7
Convert -28a447 (base 15) to base 13.
-537574
What is -58a53c (base 16) in base 6?
-324303404
a8a81b (base 12) to base 14
4d8007
-1412123442 (base 5) to base 14
-6a6ba8
What is -201211112100 (base 3) in base 15?
-7aa1c
What is -101101010100011000 (base 2) in base 13?
-6664a
-1010111001101010111 (base 2) to base 13
-c6786
d392 (base 14) to base 4
20320210
What is 2c5c65 (base 15) in base 8?
10137200
What is 640021 (base 7) in base 11?
75a9a
What is -34e089 (base 15) in base 11?
-1477366
Convert 21213b (base 14) to base 13.
302907
-3c370d (base 14) to base 12
-846095
16340 (base 15) to base 3
10122020020
What is -2032303321 (base 5) in base 7?
-50354402
What is a47902 (base 14) in base 3?
101110010010011
-42452 (base 7) to base 4
-2210123
-208473 (base 13) to base 5
-143322212
What is 232232202 (base 4) in base 16?
2eba2
Convert -120421541 (base 6) to base 8.
-10530505
-27331 (base 14) to base 10
-96671
-1531661 (base 7) to base 5
-23201232
-77a7bc (base 14) to base 16
-3dfdc2
What is -25203371 (base 8) in base 16?
-5506f9
Convert -3164666 (base 7) to base 4.
-1132031102
Convert 10001011100001100100 (base 2) to base 8.
2134144
22122201212011 (base 3) to base 5
2134204430
Convert -1414121 (base 5) to base 3.
-1111011200
Convert -1101001000100100100010 (base 2) to base 12.
-11a056a
Convert -7d7145 (base 14) to base 6.
-231451401
1111110010000011011 (base 2) to base 6
15030111
1015120 (base 7) to base 3
20012010011
Convert 405132452 (base 6) to base 14.
cd3c9a
Convert 11111100001100001 (base 2) to base 3.
20120010021
What is -1322132132 (base 4) in base 10?
-501662
What is 1012849 (base 10) in base 11?
631a72
What is b1411 (base 15) in base 5?
120424131
-1220350 (base 8) to base 7
-2566616
Convert -120439 (base 12) to base 9.
-483060
-8003a (base 12) to base 3
-22102121201
-163ac (base 15) to base 11
-49973
What is 14922 (base 12) in base 16?
712a
Convert 1114341342 (base 5) to base 10.
2496472
-1011001001101011 (base 2) to base 14
-12907
Convert -56064463 (base 7) to base 14.
-8dd9da
Convert 3620222 (base 7) to base 15.
90da5
5388388 (base 9) to base 12
b7622b
Convert -29058 (base 15) to base 6.
-2453432
What is 2212024243 (base 5) in base 16?
4938ea
Convert 110001110110001101 (base 2) to base 13.
71c18
-143059 (base 12) to base 16
-52485
Convert 4624503 (base 7) to base 5.
121442420
44821 (base 15) to base 10
217831
What is 12050747 (base 8) in base 5?
1134024112
What is 1323433 (base 5) in base 6?
323451
-1103301220 (base 4) to base 7
-2626264
101101000010110110 (base 2) to base 12
8a932
Convert 10503055 (base 6) to base 12.
134a8b
-1010111010110111 (base 2) to base 13
-17487
What is -112341232 (base 6) in base 9?
-3822472
Convert -252050 (base 14) to base 12.
-514a32
What is -19b60c2 (base 13) in base 4?
-200122031111
-19c39 (base 16) to base 15
-21404
Convert -434718 (base 10) 